55 = -5*s. Calculate the greatest common divisor of z and a.
28
Let h(i) = i**3 + 9 + 1394*i + 9*i**2 + 9 + 2 - 1398*i. Let f be h(-9). Suppose -u + 4*u - 24 = 0. Calculate the greatest common divisor of u and f.
8
Let m be (-10656)/(-360)*(-1 + 0 + 21). Calculate the greatest common divisor of 259 and m.
37
Let v(w) = -w**3 - w**2 + 9*w - 3. Let j be v(-4). Let k be 558/217*(-3)/((-3)/7). What is the greatest common factor of k and j?
9
Let h(z) = 4 + 28*z**3 - 27*z**3 - 4 - 6*z**2 + 5*z. Let l be h(7). Suppose 633 - 561 = 6*g. What is the highest common factor of l and g?
12
Let i be (5211 + -174)*4/6. Calculate the greatest common factor of 92 and i.
46
Let q be 41 + 3 - (-16)/(-8). Calculate the greatest common divisor of q and 4746.
42
Let q = -3115 + 3130. What is the greatest common factor of q and 720?
15
Let y(q) = 7*q**3 - 11*q**2 + 9*q + 2. Let w be y(4). Let v = 316 - w. What is the greatest common divisor of v and 66?
6
Let l be ((-2)/(-4) - 1)*6 - 39. Let o be (7/(l/57))/((-2)/(-8)). Let a = -31 - o. What is the greatest common factor of 28 and a?
7
Let n = 28284 + -28281. What is the highest common divisor of n and 10857?
3
Let t be 1/2 + (3 - (-40)/(-16)). Let b be (246/5 - 2/10) + t. What is the greatest common divisor of 175 and b?
25
Let o = -1440 + -239. Let z = -460 - o. Calculate the highest common factor of z and 53.
53
Let c = -20618 + 22917. Calculate the highest common divisor of 304 and c.
19
Let y(k) = k**3 - 7*k**2 + 2*k + 22. Let q be y(7). Suppose -4*j + 20 = 5*a, -4*a + 4*j = -2*a - q. Calculate the highest common divisor of a and 20.
4
Let b be ((-33)/12)/((-10)/400*1). Calculate the highest common factor of 1034 and b.
22
Let m(z) = 2*z**2 - 14*z + 7. Let g be m(10). Let r = -52 + g. Suppose 13*v = r*v - 16. What is the highest common factor of 2 and v?
2
Let q be (-3 - (3 - 7))*-1 + -11. Let r be ((-68)/q - 6)/(1/(-15)). Suppose -550 = -r*j + 170. What is the highest common divisor of j and 16?
16
Let r = -4628 + 4805. What is the highest common divisor of 4071 and r?
177
Suppose -w + 89 + 145 = 0. Let h(g) = 966*g + 4848. Let n be h(-5). Calculate the highest common divisor of n and w.
18
Suppose 0 = 2*t + 3 - 13. Suppose s + 4 = 2*z + 3*z, 3*s - t*z + 22 = 0. Let j be (s/15)/((4 - 2)/(-20)). What is the highest common factor of 15 and j?
3
Suppose -15197 + 26844 = 5*l - 38348. What is the highest common factor of l and 9?
9
Suppose 0 = -11*g + 20*g - 36. Let c = -147 - -167. Calculate the greatest common factor of g and c.
4
Let n = -3282 + 3390. Calculate the greatest common factor of 1539 and n.
27
Let p be (2 - -757)*-4*38/(-228). Let l(f) = f**3 + 8*f**2 - 11*f + 4. Let w be l(-9). What is the highest common factor of w and p?
22
Let o(u) = -5*u**3 + 2*u**2 + 8*u + 4. Let l be o(-1). Calculate the highest common factor of 2187 and l.
3
Let q(m) = -m**2 - 2*m - 43. Let r be q(0). Let p = 186 + r. Calculate the highest common divisor of p and 22.
11
Let z be -5 + 7/((-63)/(-9)). Let l be (2/8)/((-6)/96*z). What is the greatest common factor of l and 37?
1
Let z be (-14 - -4) + 8/(0 + 2). Let x be 6/z + -1 + 6 + 2. Let b be -2 - (-1 - (0 - -37)). What is the highest common divisor of b and x?
6
Let f be (0 + -53 - -47)*(-10)/12. Let h be (-1)/(-1 + (-192)/(-194)). Let x = h - 62. What is the greatest common factor of x and f?
5
Let q(n) = 35*n - 7. Suppose 0 = -v + 16 - 3. Suppose -i - v = -3*i - x, -5*i = 5*x - 40. Let l be q(i). Calculate the highest common divisor of 24 and l.
24
Suppose -3*f - 9*l + 10422 = 0, 5*f + 3*l = 13632 + 3666. What is the highest common divisor of 1836 and f?
108
Suppose -110 + 14 = -3*f. Let x = 40804 + -40756. Calculate the highest common factor of f and x.
16
Suppose -148*z + 38921 = 11097. What is the highest common divisor of 2491 and z?
47
Suppose -176*x + 17624 + 20392 = 0. Calculate the greatest common divisor of 1242 and x.
54
Let l = -2217 - -2234. Suppose -2377 = -5*y + 3*n, -3*y + 2*n - 954 = -5*y. What is the highest common factor of l and y?
17
Let b(z) = -5*z**3 + 357*z**2 - 141*z + 58. Let w be b(71). Calculate the highest common factor of 84237 and w.
129
Let w(r) = 53*r - 1721. Let t be w(33). Let u(f) = -2*f + 35. Let x be u(0). Calculate the greatest common factor of x and t.
7
Suppose -4*q = 3*y - 29, -4*q + 4 + 4 = -4*y. Suppose 4*m - 52 = -q*t, -5 = 3*t + 5*m - 31. Calculate the highest common factor of t and 108.
12
Suppose -11*s + 10*s = 3*c - 1274, 3822 = 3*s - 3*c. Let m = -812 + s. What is the highest common divisor of 42 and m?
42
Let t be 169/2 - (-480)/(-288)*6/20. What is the highest common divisor of t and 17556?
84
Suppose 3*f + 2 = 3*z - 10, -f + 32 = 3*z. Let q be 3*(3 - (-1 + -44)). Calculate the greatest common divisor of z and q.
9
Let f be (7808/8 - 14) + 10. Calculate the greatest common divisor of f and 3159.
243
Let s(u) = -u - 20. Let k be s(-4). Let o be 4*(-497)/k - (-2)/(-8). Let g be 765/25 - (-2)/5. What is the highest common divisor of o and g?
31
Let x be ((-54)/252*-903)/((-27)/(-90)). Let m = -13 - -28. What is the highest common divisor of m and x?
15
Suppose 3*b + d = 3402, -175*b + 171*b = -d - 4515. What is the highest common divisor of 18 and b?
3
Let y(v) = 5*v + 32. Let a be 68/(-6) + (-4)/(-3) + 4. Let w be y(a). Suppose 0 = -w*b - 2*b + 192. What is the greatest common factor of 12 and b?
12
Suppose 0*w + w - 106 = -83. Calculate the greatest common divisor of w and 1817.
23
Suppose -4*p - 188 = -3*h, 4*p - 6*p = 9*h - 620. Calculate the greatest common divisor of 124 and h.
4
Let u(s) = -812*s - 462. Let n be u(-2). What is the highest common factor of 84 and n?
14
Let t = -17 - -9. Let d = t - -40. Let i be 30/9*(-36)/(-15). What is the highest common factor of d and i?
8
Let p(r) = r**2 + 16*r + 32. Let w be p(-14). Suppose 576 = o + 4*o - 2*t, 0 = o - w*t - 126. What is the highest common factor of o and 6?
6
Let o be (-2)/(26/(-1391)) - 4/(-1). What is the greatest common factor of 1221 and o?
111
Let h(x) = 2*x**2 + 2*x + 21. Let t be h(-4). Suppose -264 = -t*n + 39*n. Calculate the greatest common factor of n and 110.
22
Let x(k) = 24*k**2 + 2*k + 8. Suppose -5*n + 3 = 13. Let m be x(n). What is the highest common factor of 40 and m?
20
Let p = 8 - 5. Suppose -518 + 651 = -60*h + 1573. What is the greatest common factor of h and p?
3
Let m = 5335 - 5299. Calculate the greatest common divisor of m and 10116.
36
Let h(v) = -18 - 22*v + 23*v + 65. Let w be h(-9). Calculate the greatest common divisor of 76 and w.
38
Let z(g) = 19*g**3 - g**2 - 3*g - 20. Let x be z(-6). Let b be x/(-114) - 1/3. What is the greatest common divisor of b and 171?
9
Let d be 6 + (-2 - -82) + (-2)/1. Let o be 2*(-11541)/(-42) + (-48)/d. Calculate the highest common factor of 9 and o.
9
Suppose 3*d - 6 = -2*b, 5*d - 5*d - 4*d = 0. Suppose 4*u - 14 = 6. Suppose -u*f = 21 - 66. What is the highest common factor of f and b?
3
Suppose 0*v + 814 = -17*v + 1052. Calculate the highest common divisor of 1169 and v.
7
Let j = -225 + 320. Let z be (-53)/((-4452)/112)*(-1 + (-122)/(-8)). What is the greatest common factor of j and z?
19
Suppose 5*a - 17 = -2. Suppose 0*o = 2*o + 2*q, -5*o + 4 = a*q. Suppose o*x - 4*x = -48. Calculate the highest common divisor of 16 and x.
8
Let y = 367 + -159. Let o = 28 - 15. What is the highest common factor of y and o?
13
Suppose -164*v + 6045942 = -41*v. Calculate the highest common factor of v and 14.
14
Let g(b) = b**3 - 33*b**2 - 229*b - 163. Let o be g(39). What is the highest common divisor of o and 800?
32
Suppose g = -2*l + 6*g + 52, -l = -4*g - 32. Let w(i) = i**3 - 11*i**2 + 12*i + 12. Let m be w(10). Calculate the greatest common divisor of l and m.
16
Suppose -b - 7 = -5*n + 14, 4*b = -3*n + 31. Suppose -10 = b*c - 50. Let m = -65 - -145. Calculate the greatest common factor of m and c.
10
Suppose 4*k = -3*q + 8044, q = -q + 3*k + 5391. Suppose -z = -10*z + 27. Suppose -q = -9*r - z*r. Calculate the highest common divisor of r and 28.
28
Let c(u) = 2*u**2 + 10*u + 3. Let s be c(-5). Let r be 132 - (0 + 0/s). Calculate the highest common factor of r and 24.
12
Let v(x) = -2*x**3 - 16*x**2 + 3*x + 15. Let h be v(-8). Let s be 2 + 16 + h/((-45)/10). What is the greatest common factor of s and 42